 hundred millions digit of 710532863?
7
What is the units digit of 4200374904?
4
What is the hundred thousands digit of 66498647?
4
What is the thousands digit of 2083564?
3
What is the thousands digit of 132880375?
0
What is the millions digit of 643658297?
3
What is the millions digit of 236451932?
6
What is the tens digit of 3394658796?
9
What is the thousands digit of 526736123?
6
What is the hundred millions digit of 599625285?
5
What is the hundred thousands digit of 136952734?
9
What is the ten millions digit of 10513036?
1
What is the thousands digit of 2757178227?
8
What is the hundred thousands digit of 21913944?
9
What is the hundred thousands digit of 45915074?
9
What is the units digit of 51999210?
0
What is the hundred millions digit of 824917280?
8
What is the units digit of 1492078201?
1
What is the ten millions digit of 48882668?
4
What is the thousands digit of 199779514?
9
What is the hundreds digit of 1409898377?
3
What is the millions digit of 93951047?
3
What is the millions digit of 486054224?
6
What is the thousands digit of 175430157?
0
What is the millions digit of 3984455092?
4
What is the ten millions digit of 629763806?
2
What is the units digit of 494966162?
2
What is the ten millions digit of 346959287?
4
What is the hundred thousands digit of 56440986?
4
What is the thousands digit of 51427346?
7
What is the tens digit of 720684944?
4
What is the units digit of 240145221?
1
What is the units digit of 9334808?
8
What is the tens digit of 108206898?
9
What is the hundreds digit of 134255860?
8
What is the thousands digit of 115050804?
0
What is the hundreds digit of 114080902?
9
What is the millions digit of 65391315?
5
What is the units digit of 24346576?
6
What is the millions digit of 860749231?
0
What is the hundred millions digit of 830472833?
8
What is the thousands digit of 60670694?
0
What is the ten thousands digit of 353185178?
8
What is the hundred thousands digit of 89327756?
3
What is the ten thousands digit of 23749490?
4
What is the thousands digit of 3790455442?
5
What is the hundred millions digit of 925787726?
9
What is the hundreds digit of 2958112726?
7
What is the thousands digit of 756112425?
2
What is the billions digit of 3607471077?
3
What is the ten millions digit of 50388707?
5
What is the ten millions digit of 11005636?
1
What is the hundred thousands digit of 19425115?
4
What is the millions digit of 52445138?
2
What is the hundreds digit of 752019311?
3
What is the tens digit of 20516475?
7
What is the units digit of 4679700153?
3
What is the ten thousands digit of 344781980?
8
What is the ten millions digit of 103809495?
0
What is the hundred thousands digit of 58499664?
4
What is the thousands digit of 1974342717?
2
What is the hundred thousands digit of 6868081?
8
What is the hundred thousands digit of 4525303?
5
What is the hundred millions digit of 777308847?
7
What is the hundred millions digit of 733598640?
7
What is the hundred millions digit of 287679269?
2
What is the billions digit of 4589917503?
4
What is the tens digit of 252794441?
4
What is the tens digit of 11407603?
0
What is the hundred millions digit of 291031338?
2
What is the thousands digit of 1061776604?
6
What is the units digit of 88359984?
4
What is the millions digit of 543750494?
3
What is the thousands digit of 789074936?
4
What is the units digit of 378538291?
1
What is the hundred millions digit of 538719421?
5
What is the ten thousands digit of 163952337?
5
What is the hundred thousands digit of 79216931?
2
What is the tens digit of 218720815?
1
What is the thousands digit of 119922935?
2
What is the tens digit of 999134470?
7
What is the tens digit of 276950381?
8
What is the units digit of 64179234?
4
What is the units digit of 33723534?
4
What is the units digit of 21725201?
1
What is the units digit of 270693179?
9
What is the hundreds digit of 37772811?
8
What is the units digit of 336274712?
2
What is the thousands digit of 175444094?
4
What is the ten thousands digit of 26872975?
7
What is the thousands digit of 418221550?
1
What is the thousands digit of 306127471?
7
What is the hundreds digit of 2717396?
3
What is the tens digit of 503007515?
1
What is the hundreds digit of 135832140?
1
What is the thousands digit of 89161486?
1
What is the tens digit of 587799460?
6
What is the ten thousands digit of 29816966?
1
What is the ten thousands digit of 206180468?
8
What is the ten thousands digit of 71642189?
4
What is the hundred thousands digit of 70166611?
1
What is the thousands digit of 278870983?
0
What is the hundreds digit of 3194330426?
4
What is the hundreds digit of 63722575?
5
What is the thousands digit of 122109643?
9
What is the millions digit of 256471595?
6
What is the millions digit of 55267415?
5
What is the ten millions digit of 2114343462?
1
What is the hundred thousands digit of 600187506?
1
What is the units digit of 19212918?
8
What is the hundred thousands digit of 1694355531?
3
What is the ten thousands digit of 404089848?
8
What is the hundred thousands digit of 1410131961?
1
What is the hundred millions digit of 4979735914?
9
What is the hundred thousands digit of 118667645?
6
What is the ten millions digit of 225818675?
2
What is the billions digit of 4540506547?
4
What is the hundreds digit of 85638947?
9
What is the ten millions digit of 79630694?
7
What is the tens digit of 46096378?
7
What is the hundred thousands digit of 1532728672?
7
What is the units digit of 566209697?
7
What is the tens digit of 78701324?
2
What is the hundreds digit of 661508815?
8
What is the units digit of 347251643?
3
What is the hundred thousands digit of 389758505?
7
What is the millions digit of 138342177?
8
What is the millions digit of 74485104?
4
What is the ten millions digit of 321612432?
2
What is the thousands digit of 224052691?
2
What is the ten thousands digit of 3779010?
7
What is the tens digit of 270798412?
1
What is the tens digit of 20071758?
5
What is the hundred thousands digit of 26978747?
9
What is the units digit of 4482581?
1
What is the millions digit of 39490960?
9
What is the ten millions digit of 83067331?
8
What is the ten thousands digit of 85001461?
0
What is the tens digit of 925789722?
2
What is the hundred millions digit of 5611728675?
6
What is the hundreds digit of 603302328?
3
What is the millions digit of 31481627?
1
What is the thousands digit of 1655319645?
9
What is the ten millions digit of 112438352?
1
What is the millions digit of 298546771?
8
What is the millions digit of 5173096155?
3
What is the hundreds digit of 49050193?
1
What is the ten millions digit of 116676971?
1
What is the ten millions digit of 3636190856?
3
What is the millions digit of 463198482?
3
What is the ten millions digit of 1508147683?
0
What is the ten thousands digit of 60037618?
3
What is the tens digit of 8416107?
0
What is the tens digit of 507792354?
5
What is the tens digit of 37248441?
4
What is the hundred thousands digit of 221413138?
4
What is the hundred thousands digit of 61965324?
9
What is the hundred thousands digit of 3488785336?
7
What is the thousands digit of 872829968?
9
What is the hundreds digit of 212205752?
7
What is the tens digit of 138038171?
7
What is the tens digit of 2614499978?
7
What is the millions digit of 64166268?
4
What is the hundreds digit of 20949318?
3
What is the millions digit of 110123489?
0
What is the ten thousands digit of 1277623720?
2
What is the hundred thousands digit of 72409372?
4
What is the ten thousands digit of 51690296?
9
What is the hundreds digit of 388121074?
0
What is the hundreds digit of 562369289?
2
What is the units digit of 859755836?
6
What is the units digit of 22872129?
9
What is the hundreds digit of 91328868?
8
What is the thousands digit of 182440411?
0
What is the thousands digit of 272431654?
1
What is the units digit of 1138464050?
0
What is the tens digit of 1856104028?
2
What is the hundred thousands digit of 305816379?
8
What is the hundreds digit of 1120262700?
7
What is the units digit of 19696879?
9
What is the tens digit of 33041234?
3
What is the units digit of 1737174490?
0
What is the millions digit of 8451656?
8
What is the billions digit of 6787637457?
6
What is the hundreds digit o